tiple of 7?
True
Is 931576 a multiple of 94?
False
Does 288 divide 990144?
True
Is 10 a factor of 397937?
False
Is 26 a factor of 8072?
False
Does 507 divide 233220?
True
Is 302 a factor of 160886?
False
Is 8646 a multiple of 66?
True
Is 40249 a multiple of 239?
False
Is 60634 a multiple of 14?
True
Is 2402 even?
True
Does 392 divide 49000?
True
Is 16 a factor of 680421?
False
Does 211 divide 38613?
True
Is 39 a multiple of 13?
True
Does 51 divide 6009789?
True
Is 727914 a multiple of 269?
True
Does 9 divide 2782599?
False
Is 1846536 a multiple of 1523?
False
Is 226 a factor of 115486?
True
Does 362 divide 725233?
False
Does 254 divide 171958?
True
Is 240361 a multiple of 107?
False
Does 484 divide 18967128?
False
Is 111 a factor of 21328?
False
Is 91152 a multiple of 8?
True
Is 1188859 a multiple of 205?
False
Does 14 divide 329532?
True
Is 69 a factor of 262480?
False
Is 30 a factor of 208893?
False
Is 898872 a multiple of 67?
True
Does 194 divide 481702?
True
Does 6 divide 37328?
False
Is 598 a factor of 2055326?
True
Is 26 a factor of 159941?
False
Does 157 divide 1490401?
True
Is 62263 a multiple of 86?
False
Is 3344895 a multiple of 27?
True
Does 12 divide 239019?
False
Does 58 divide 394226?
True
Is 16 a factor of 32368?
True
Is 108 a factor of 6775164?
True
Is 33910 a multiple of 84?
False
Is 39 a factor of 4266678?
True
Is 65 a factor of 172900?
True
Is 2452216 a multiple of 26?
True
Is 129456 a multiple of 16?
True
Is 671188 a multiple of 23?
False
Does 198 divide 463558?
False
Is 12 a factor of 62580?
True
Does 17 divide 333785?
False
Does 70 divide 44647?
False
Is 242 a factor of 173130?
False
Does 27 divide 136240?
False
Does 197 divide 792925?
True
Does 11 divide 1415392?
True
Does 36 divide 179884?
False
Is 2383 a factor of 34412109?
False
Is 502 a factor of 3915838?
False
Is 52863 a multiple of 94?
False
Is 14098981 a multiple of 302?
False
Is 77830 a multiple of 10?
True
Is 16 a factor of 1438569?
False
Does 1211 divide 13910757?
True
Does 9 divide 355536?
True
Is 14 a factor of 408920?
False
Does 248 divide 599316?
False
Is 126 a factor of 813356?
False
Is 447299 a multiple of 307?
True
Is 15 a factor of 3024422?
False
Is 11 a factor of 208219?
True
Does 31 divide 939593?
False
Does 33 divide 170652?
False
Is 6025757 a multiple of 428?
False
Is 640 a factor of 619520?
True
Is 10 a factor of 2614820?
True
Is 198 a factor of 4383918?
True
Does 9 divide 164187?
True
Is 188 a factor of 424692?
True
Is 5225220 a multiple of 20?
True
Is 7 a factor of 91847?
True
Does 9 divide 395608?
False
Does 3 divide 6871?
False
Does 255 divide 369958?
False
Is 12 a factor of 325969?
False
Does 95 divide 46360?
True
Is 7606575 a multiple of 27?
True
Is 27 a factor of 29646?
True
Does 41 divide 106497?
False
Is 6 a factor of 4570845?
False
Is 396416 a multiple of 608?
True
Is 41721 a multiple of 25?
False
Does 40 divide 3533000?
True
Does 225 divide 53100?
True
Is 13 a factor of 4219254?
True
Does 43 divide 28333?
False
Does 2 divide 151608?
True
Is 4133528 a multiple of 7?
True
Is 80067 a multiple of 49?
False
Is 151 a factor of 406575?
False
Is 377247 a multiple of 51?
True
Is 154 a factor of 771346?
False
Is 2228413 a multiple of 14?
False
Is 100 a factor of 5304496?
False
Does 27 divide 841428?
True
Is 1277927 a multiple of 18?
False
Does 71 divide 247550?
False
Is 486 a factor of 352374?
False
Does 197 divide 5509978?
False
Is 1039805 a multiple of 41?
False
Is 23 a factor of 184575?
True
Is 35264 a multiple of 64?
True
Is 53381 a multiple of 4?
False
Is 48173 a multiple of 67?
True
Does 87 divide 2407375?
False
Is 38895 a multiple of 7?
False
Does 28 divide 377468?
True
Is 3016652 a multiple of 292?
True
Is 767985 a multiple of 384?
False
Is 96 a factor of 1052640?
True
Does 199 divide 217308?
True
Is 2961926 a multiple of 220?
False
Is 285 a factor of 792318?
False
Is 81 a factor of 93375?
False
Does 232 divide 838912?
True
Is 60 a factor of 397260?
True
Does 353 divide 4758087?
True
Does 134 divide 2606888?
False
Does 2 divide 25993?
False
Is 32 a factor of 82886?
False
Does 389 divide 186331?
True
Is 741 a factor of 1622049?
True
Is 1207 a factor of 5739834?
False
Does 263 divide 3304726?
False
Is 6440850 a multiple of 9?
True
Is 72890 a multiple of 18?
False
Does 8 divide 1209928?
True
Does 63 divide 6970572?
True
Is 30480 a multiple of 6?
True
Is 160 a factor of 185067?
False
Is 3 a factor of 160294?
False
Does 38 divide 38380?
True
Is 1358484 a multiple of 79?
True
Does 49 divide 356179?
False
Does 14 divide 10210144?
True
Is 3944899 a multiple of 49?
False
Is 6 a factor of 944020?
False
Is 627 a factor of 4441858?
False
Is 8 a factor of 200787?
False
Is 52 a factor of 178932?
True
Does 36 divide 122370?
False
Is 581 a factor of 647815?
True
Is 20991 a multiple of 84?
False
Is 6174209 a multiple of 995?
False
Does 41 divide 338373?
True
Is 50 a factor of 70852?
False
Is 132945 a multiple of 5?
True
Does 1128 divide 2475111?
False
Is 30 a multiple of 6?
True
Does 177 divide 288864?
True
Does 4 divide 9300820?
True
Is 136643 a multiple of 457?
True
Is 92 a factor of 2258952?
False
Is 1052039 a multiple of 26?
False
Is 2760721 a multiple of 206?
False
Does 437 divide 347415?
True
Is 28 a factor of 886340?
True
Is 272 a factor of 373926?
False
Does 315 divide 167860?
False
Is 1113 a factor of 956067?
True
Is 1768391 a multiple of 164?
False
Is 297 a factor of 306801?
True
Is 143099 even?
False
Is 24 a factor of 1958880?
True
Does 812 divide 23831388?
True
Is 746240 a multiple of 106?
True
Is 296 a factor of 156646?
False
Is 204165 a multiple of 1047?
True
Does 133 divide 4775?
False
Is 154 a factor of 1607864?
False
Is 208278 a multiple of 126?
True
Does 32 divide 281125?
False
Does 635 divide 7496175?
True
Is 16 a factor of 113760?
True
Is 22 a factor of 21662102?
True
Is 932 a factor of 6162250?
False
Is 1206166 a multiple of 95?
False
Does 1197 divide 8344751?
False
Is 4960 a multiple of 10?
True
Is 42644 a multiple of 72?
False
Does 823 divide 2584221?
False
Does 13 divide 20774065?
True
Is 19 a factor of 375978?
False
Does 8 divide 291240?
True
Is 9 a factor of 668286?
True
Is 2163081 a multiple of 51?
False
Does 343 divide 609511?
True
Is 31 a factor of 559395?
True
Does 42 divide 1368862?
False
Is 274 a factor of 123574?
True
Is 42 a factor of 7116947?
False
Does 16 divide 5364030?
False
Is 637492 a multiple of 809?
True
Is 1073595 a multiple of 95?
True
Is 3405257 a multiple of 936?
False
Is 360265 a multiple of 6?
False
Does 534 divide 596654?
False
Is 2958159 a multiple of 15?
False
Does 245 divide 1654656?
False
Is 1968930 a multiple of 29?
False
Is 718 a factor of 987968?
True
Does 21 divide 24350?
False
Does 4 divide 36739?
False
Is 188993 a multiple of 49?
True
Is 22825292 a multiple of 23?
True
Is 324337 a multiple of 47?
False
Is 169 a factor of 615329?
True
Is 381003 a multiple of 31?
False
Does 7 divide 209034?
True
Does 6 divide 5169748?
False
Is 7496595 a multiple of 416?
False
Does 5 divide 63061?
False
Does 144 divide 174439?
False
Does 7 divide 47696?
False
Is 7372881 a multiple of 201?
True
Is 118755 a multiple of 45?
True
Is 322060 a multiple of 411?
False
Is 1662820 a multiple of 20?
True
Is 3006993 a multiple of 398?
False
Is 1674075 a multiple of 51?
True
Does 7 divide 182996?
False
Does 20 divide 338380?
True
Is 1052064 a multiple of 32?
True
Is 345929 a multiple of 96?
False
Is 403170 a multiple of 89?
True
Does 380 divide 2573360?
True
Is 191895 a multiple of 33?
True
Is 3055204 a multiple of 43?
False
Is 842829 a multiple of 39?
True
Does 14 divide 19584074?
False
Does 52 divide 99901?
False
Does 18 divide 65502?
True
Is 5 a factor of 122280?
True
Is 829 a factor of 4294220?
True
Is 18 a factor of 1518251?
False
Is 11 a factor of 1452220?
True
Is 8526882 a multiple of 97?
True
Is 95 a factor of 207195?
True
Is 177 a factor of 99474?
True
Is 251 a factor of 610181?
True
Is 2493826 a multiple of 9?
False
Is 63 a factor of 5826221?
False
Does 484 divide 694884?
False
Does 12 divide 1705824?
True
Does 4 divide 745240?
True
Does 49 divide 709520?
True
Is 791565 a multiple of 339?
True
Is 7325 a multiple of 89?
False
Is 325 a factor of 373750?
True
Does 38 divide 3769942?
True
Is 457740 a multiple of 30?
Tru